 -b**3 + 3*b**2 + 4*b**3 + 5 - 2*b**3 - 4*b. What is the units digit of n(-4)?
5
What is the tens digit of -3*(-1)/(10/9430)?
2
What is the tens digit of 63/54*334 - (-1)/3?
9
What is the tens digit of (11 + 13)/((-6)/(-52))?
0
What is the tens digit of (47/141)/((-1)/(-1317))?
3
Let c(d) be the third derivative of d**6/120 - 2*d**5/15 + d**4/6 - 2*d**3/3 + d**2. Suppose -14*z - 58 = -170. What is the tens digit of c(z)?
2
Let n be (3 + -9)/(-4 - (-5 + 4)). Suppose -z + l = -2 - 0, -z - 5*l = -20. What is the tens digit of (-14)/(-1*n/z)?
3
Suppose -2*s = 3*a - 372, 2*a + 980 = 5*s - 3*a. What is the hundreds digit of s?
1
Let g = -6685 + 11470. What is the tens digit of g?
8
Suppose 5*m - 2*o = 19, -4*m - 3*o = -5*o - 16. Suppose m*w = 5*d - 51, 5*w + 76 + 9 = -3*d. Let v = 21 - w. What is the units digit of v?
8
Let k be 8/4 + (1 - -1). Suppose -3*d + 8 = -k*d + 2*w, -12 = -d - 3*w. Suppose d*m - m = 4*o - 21, -3*m = -3*o + 12. What is the units digit of m?
1
Suppose 5*m = -5, -2*x = 6*m - 3*m - 2643. What is the units digit of x?
3
Suppose -14*c = 6*c - 12300. What is the hundreds digit of c?
6
Let v(o) = -4*o**3 - 2*o**2 + o + 2. Suppose h + 4 = -h, s + 2*h + 5 = 0. Let k be v(s). Suppose 10 = 5*i, k*w + i - 2*i = 196. What is the tens digit of w?
6
What is the tens digit of (0 - 24/(-9))*25839/116?
9
Let j = -38 - -55. Suppose -1310 = 7*x - j*x. What is the hundreds digit of x?
1
Let p = -4702 - -6600. What is the units digit of p?
8
Suppose 0 = -32*r - 7*r + 71916. What is the units digit of r?
4
Let o(d) = 380*d + 9. What is the hundreds digit of o(8)?
0
Let q be 3/1 - (10 + -5 - 2). Suppose 5*x - 250 = -3*k + 132, 2*k - 8 = q. What is the units digit of x?
4
Let j(l) = 2*l**2 - 5*l + 10. Suppose 0*x + 20 = 4*x. What is the tens digit of j(x)?
3
Let s = 1 - -2. Let n(b) = 3*b**3 - s + 9*b**2 - 2*b**3 - 10 + 0 - 12*b. What is the units digit of n(-10)?
7
Let r = -12 - -14. Let p = r - -2. Suppose -m + 85 = 5*d - 3*m, -p*m = -d + 35. What is the units digit of d?
5
Let r be ((-776)/12)/((-1)/(-3)). What is the tens digit of 4/(-8)*(r + 4)?
9
What is the thousands digit of 4973 + (-24)/2 - -11?
4
Let c(w) = -7*w + 14. Let y(s) = 3*s. Let x be y(-2). Let j(k) = -1. Let g(a) = x*j(a) - c(a). What is the tens digit of g(4)?
2
Let n be (-9)/2*(-4)/6. Suppose 3*i - n*r + 0 = 9, 5*r - 21 = -4*i. What is the units digit of i/12 - (-424)/6?
1
Suppose j - 2694 = 2*a - 85, 0 = 5*j - 4*a - 13015. What is the thousands digit of j?
2
Let s(y) be the third derivative of y**4/8 + 13*y**3/3 + 13*y**2. What is the units digit of s(14)?
8
What is the hundreds digit of (-1)/(-2) - ((-26466)/4)/11?
6
Suppose 0 = 43*z - 48527 - 124677. What is the tens digit of z?
2
Let d(o) be the first derivative of -6*o**2 + 60*o + 33. What is the hundreds digit of d(-8)?
1
Suppose 0 = -7*k + 2*k - 4*t + 45, 5*t - 30 = -k. Suppose -6*w + 360 = k*m - w, -4*w + 20 = 0. What is the tens digit of m?
6
Let n(z) = -z**3 + 3*z**2 + z + 1. Let b be n(3). Suppose -73 = b*m - y, -5*m + 4*y - 7 = 87. What is the tens digit of (5 - m)/(1/1)?
2
Suppose -8 = -4*i, 2*w + 3*i = 2233 + 1787. What is the units digit of w?
7
Suppose 34*u - 41412 = 20*u. What is the hundreds digit of u?
9
What is the hundreds digit of (75/(-1))/(-5)*84/9?
1
Let p be 15 - (1 - 3 - -2). Suppose -y = -4*k - p, -k + y = 2*y. Let f(h) = h**2 + 2*h. What is the units digit of f(k)?
3
Let n(s) = s**3 - 14*s**2 + 12*s + 13. Let w be n(13). Let p(i) = i**3 - i**2 + i + 48. What is the units digit of p(w)?
8
Let c(b) = 3*b**2 - 5*b - 6. Let f be (6/(-4))/((-6)/(-16)). Let q be c(f). Suppose 4*d - q = 22. What is the units digit of d?
1
Let w be ((-16)/48)/(2/(-12)). Suppose 5*m = o - w*o + 17, 2*o + 5*m - 29 = 0. What is the units digit of o?
2
Suppose 0*s = 3*s - 4*f - 366, -4*s - 4*f + 460 = 0. What is the hundreds digit of s?
1
Let p(y) = -81*y + 45. What is the units digit of p(-5)?
0
Let n = 7 - 15. Let g(s) = -7*s - 10. Let b(z) = 48*z + 69. Let r(y) = -4*b(y) - 27*g(y). What is the tens digit of r(n)?
1
Suppose -67*c - 3228 = -73*c. What is the tens digit of c?
3
Let f(c) be the second derivative of -c**4/12 - 2*c**3 - 2*c**2 - 6*c. What is the tens digit of f(-8)?
2
Let h be 0 + (-6)/3*-1. Suppose k - 25 = -h*x, 2*x + x - 33 = -3*k. Suppose 4*v = 5*d + 41, v - x = d + 4*d. What is the units digit of v?
9
Let d be 7 + -1 + 3 + -2. Suppose -3*o = d + 2. What is the units digit of (3 - (-10)/o)*-3?
1
Let u(l) = -4*l - 41. Let c be u(-11). Suppose -c*q + 499 = -143. What is the tens digit of q?
1
Let i(v) = 12*v**2 - 98*v - 526. What is the hundreds digit of i(-5)?
2
What is the hundreds digit of ((-9)/27)/((-3)/17433 - 0)?
9
Let f be 1/(21/9 + -1 + -1). Suppose 5*v - 828 = -f. What is the tens digit of v?
6
Let q be 26/(-7) + (-12)/42. Let x(h) = 7*h**2 + 5*h. What is the tens digit of x(q)?
9
Suppose 18*x - 7031 - 26089 = 0. What is the tens digit of x?
4
Let x = 12 - 8. Suppose 4*d - k = -d + 118, x*d - 86 = 5*k. What is the units digit of d?
4
Let f(j) = 2*j - 49. Let p be f(-17). Let w = p - -94. What is the units digit of w?
1
Suppose 5*v = 3 + 2, -2*c + 3*v - 43 = 0. Let y be 2/(-8) - 145/c. Let j = 20 - y. What is the tens digit of j?
1
Suppose 25*h = -37 - 63. Suppose -2*s - 32 = -4*g, -3*g + 2*g = s + 28. What is the units digit of ((-8)/(-12) + h)*s?
0
Let x(w) = -2*w - 1 + 3*w**3 - w**2 + 3*w**3 - 3*w**3. Let s(u) = u**3 - u - 1. Let j(z) = -2*s(z) + x(z). What is the units digit of j(2)?
5
Let b = 132 + -92. Suppose -5*d + 35 = -3*s - d, -b = 4*s - 4*d. Let n(g) = -3*g - 6. What is the units digit of n(s)?
9
Let y(z) = z**3 + 6*z**2 - 2*z - 9. Let a be y(-6). Suppose -g + a*g = 188. Suppose -3*n - 5*i = -5*n + g, n - 3*i - 49 = 0. What is the units digit of n?
7
Let y be (-244)/(-30) - (-2)/(-15). Suppose 3*r - y = -r. Suppose 2*f = -3*n - r*n + 17, -3*f + 16 = -2*n. What is the units digit of f?
6
Let v(m) = -m + 7. Let n be v(4). Suppose -5*y = -n*y - 224. Suppose -a - 96 = -5*a - g, -3*g = -4*a + y. What is the tens digit of a?
2
Let x(j) = -3*j + 18. Let r = 17 + -21. Let p(l) = 3*l - 19. Let y(v) = r*p(v) - 3*x(v). What is the units digit of y(7)?
1
What is the units digit of (-18752)/(-5) + 12/120*-4?
0
Let v(f) = f**2 + 18*f + 21. Let h be v(-11). Let o = 135 + h. What is the tens digit of o?
7
Let n be 57 + 4 - (3 + 0). Let o = 105 - n. What is the tens digit of o?
4
Suppose 8*h = -316 + 412. What is the tens digit of h?
1
Let h = 1550 + -862. What is the tens digit of h?
8
Let z = 480 + -468. Suppose -2*p + 4*p = y + 12, -3*p - 4*y + 7 = 0. Suppose -z - p = -x. What is the units digit of x?
7
Suppose -9*v + 2048 = -3721. What is the tens digit of v?
4
Let x be -1*4 - (-143 + -3 + -2). Suppose x*g - 188 = 142*g. What is the units digit of g?
4
Suppose -s = -y - 100, 2*y + 373 = 5*s - 127. Suppose 2*c = 2*x - s, 3*c - 104 + 9 = -2*x. What is the tens digit of x?
4
Let l(t) = t**2 + 6*t - 5. Let x be l(-7). Suppose 0 = x*u + 4*u - 12. Let p = u - -5. What is the units digit of p?
7
Let u = 13 + -9. Suppose -u*o + 3 + 9 = 0. Suppose 0 = -o*w + n - 2*n + 166, -222 = -4*w - 2*n. What is the tens digit of w?
5
Let a(y) = -y**3 + 15*y**2 - 14*y + 7. Let u be a(14). Suppose -63 = -u*z + 4*z. What is the tens digit of z?
2
Let g = 34 - 30. Suppose 4*f + f = -5*q + 405, g*f = q - 81. Suppose 0 = -4*l + q + 103. What is the tens digit of l?
4
Let t be (-2)/(41/10 + -4). Let c = t - -85. What is the units digit of c?
5
Suppose 3*m + 320 = -5*m. Suppose -5*t = 5*y + 45, -2*y + 5*t - 26 = -1. Let k = y - m. What is the units digit of k?
0
Let x(u) = -u**3 + 4*u**2 + u - 1. Let i(z) = z + 2. Let k be i(2). Let c be x(k). What is the tens digit of 112/4 - c/(-1)?
3
Let t = -2371 - -3469. What is the thousands digit of t?
1
Let l = 1131 + 32. What is the hundreds digit of l?
1
Suppose 0 = -2*o + 5 + 7. Suppose -o*v = -2 - 10. Suppose -v*s + 129 = s. What is the units digit of s?
3
Let g be 4/(-24)*-3*2. Suppose f + 47 = -5*t - g, t + 16 = 3*f. Let k(q) = -2*q - 1. What is the units digit of k(t)?
9
Let c(z) = -3*z - 2. Let q be c(-6). Suppose 230 = -15*g + q*g. What is the units digit of g?
0
Suppose -7 + 37 = 5*v. Suppose 3*u + 6 = v*u. What is the units digit of (0 - -2)/(u/27)?
7
Let o(c) = 116*c + 4. Le